{"id":796,"date":"2023-06-07T21:18:25","date_gmt":"2023-06-07T20:18:25","guid":{"rendered":"https:\/\/ofertasdeoro.com\/index.php\/producto\/complete-mix-top-crop-50-l\/"},"modified":"2024-11-11T07:44:21","modified_gmt":"2024-11-11T06:44:21","slug":"complete-mix-top-crop-50-l","status":"publish","type":"product","link":"https:\/\/ofertasdeoro.com\/index.php\/producto\/complete-mix-top-crop-50-l\/","title":{"rendered":"Complete Mix Top Crop 50 L"},"content":{"rendered":"<p><span style=\"font-family:montserrat,arial,verdana;font-size:16px;font-style:normal;font-weight:400;letter-spacing:normal;text-transform:none;float:none;text-align:left\">COMPLETE MIX de TOP CROP es un sustrato que proporciona a la planta el medio radicular ideal para el desarrollo, garantizando tanto el anclaje mec\u00e1nico como aireaci\u00f3n, as\u00ed como un excelente suministro de agua y de elementos nutritivos. No se recomienda fertilizar intensivamente en los primeros riegos.<\/span><\/p>\n","protected":false},"excerpt":{"rendered":"<p><span style=\"font-family:montserrat,arial,verdana;font-size:16px;font-style:normal;font-weight:400;letter-spacing:normal;text-transform:none;float:none;text-align:left\">COMPLETE MIX de TOP CROP es un sustrato que proporciona a la planta el medio radicular ideal para el desarrollo, garantizando tanto el anclaje mec\u00e1nico como aireaci\u00f3n, as\u00ed como un excelente suministro de agua y de elementos nutritivos. No se recomienda fertilizar intensivamente en los primeros riegos.<\/span><\/p>\n","protected":false},"featured_media":795,"comment_status":"open","ping_status":"closed","template":"","meta":{"om_disable_all_campaigns":false,"_monsterinsights_skip_tracking":false,"_monsterinsights_sitenote_active":false,"_monsterinsights_sitenote_note":"","_monsterinsights_sitenote_category":0},"product_cat":[396],"product_tag":[398,327,309,397,386,389],"class_list":{"0":"post-796","1":"product","2":"type-product","3":"status-publish","4":"has-post-thumbnail","6":"product_cat-topcrop-sustrato","7":"product_tag-of","8":"product_tag-ofertas","9":"product_tag-ofertasdeoro","10":"product_tag-sustrato","11":"product_tag-top-crop","12":"product_tag-topcrop","14":"first","15":"instock","16":"shipping-taxable","17":"purchasable","18":"product-type-simple"},"aioseo_notices":[],"jetpack_sharing_enabled":true,"_links":{"self":[{"href":"https:\/\/ofertasdeoro.com\/index.php\/wp-json\/wp\/v2\/product\/796","targetHints":{"allow":["GET"]}}],"collection":[{"href":"https:\/\/ofertasdeoro.com\/index.php\/wp-json\/wp\/v2\/product"}],"about":[{"href":"https:\/\/ofertasdeoro.com\/index.php\/wp-json\/wp\/v2\/types\/product"}],"replies":[{"embeddable":true,"href":"https:\/\/ofertasdeoro.com\/index.php\/wp-json\/wp\/v2\/comments?post=796"}],"wp:featuredmedia":[{"embeddable":true,"href":"https:\/\/ofertasdeoro.com\/index.php\/wp-json\/wp\/v2\/media\/795"}],"wp:attachment":[{"href":"https:\/\/ofertasdeoro.com\/index.php\/wp-json\/wp\/v2\/media?parent=796"}],"wp:term":[{"taxonomy":"product_cat","embeddable":true,"href":"https:\/\/ofertasdeoro.com\/index.php\/wp-json\/wp\/v2\/product_cat?post=796"},{"taxonomy":"product_tag","embeddable":true,"href":"https:\/\/ofertasdeoro.com\/index.php\/wp-json\/wp\/v2\/product_tag?post=796"}],"curies":[{"name":"wp","href":"https:\/\/api.w.org\/{rel}","templated":true}]}}