{"id":638,"date":"2023-02-13T18:00:00","date_gmt":"2023-02-13T17:00:00","guid":{"rendered":"https:\/\/ofertasdeoro.com\/?post_type=product&#038;p=638"},"modified":"2023-06-02T04:01:01","modified_gmt":"2023-06-02T03:01:01","slug":"sensizym-advanced-nutrients","status":"publish","type":"product","link":"https:\/\/ofertasdeoro.com\/index.php\/producto\/sensizym-advanced-nutrients\/","title":{"rendered":"SENSIZYM ADVANCED NUTRIENTS"},"content":{"rendered":"<p style=\"margin-top:0.5rem;margin-bottom:0.5rem;font-family:Hind,sans-serif;font-size:15.2px;font-style:normal;font-weight:300;letter-spacing:normal;text-transform:none;text-align:left\">Sesizym permite una mayor descomposici\u00f3n de las ra\u00edces muertas, maximizando los rendimientos de tus cultivos. Las enzimas activas son capaces de descomponer de forma m\u00e1s r\u00e1pidas los restos de ra\u00edces muertes, promoviendo una mayor absorci\u00f3n de nutrientes. <\/p>\n<p style=\"margin-top:0.5rem;margin-bottom:0.5rem;font-family:Hind,sans-serif;font-size:15.2px;font-style:normal;font-weight:300;letter-spacing:normal;text-transform:none;text-align:left\">Con esto conseguimos una aprovechar al m\u00e1ximo y ofrecer una nutrici\u00f3n con los mismos desechos de la planta, cosa que se traduce tambi\u00e9n a un ahorro de dinero. <\/p>\n<p style=\"margin-top:0.5rem;margin-bottom:0.5rem;font-family:Hind,sans-serif;font-size:15.2px;font-style:normal;font-weight:300;letter-spacing:normal;text-transform:none;text-align:left\">En el medio natural, el suelo est\u00e1 lleno de microbios beneficiosos que generan enzimas. Estas enzimas descomponen ra\u00edces muertas, materia org\u00e1nica y nutrientes no utilizados, convirti\u00e9ndolos en nutrientes aprovechables para las plantas. <\/p>\n<p style=\"margin-top:0.5rem;margin-bottom:0.5rem;font-family:Hind,sans-serif;font-size:15.2px;font-style:normal;font-weight:300;letter-spacing:normal;text-transform:none;text-align:left\">Sensizym es la formulaci\u00f3n \u00fanica de Advanced Nutrients, compuesta por los tipos y proporciones exactas de enzimas que tus plantas necesitan.<\/p>\n<h3 style=\"font-family:Montserrat,sans-serif;text-transform:uppercase;line-height:1.25;margin-top:1rem;margin-bottom:0.25rem;font-weight:500;font-size:1rem;font-style:normal;letter-spacing:normal;text-align:left\">APLICACI\u00d3N DE SENSIZYM<\/h3>\n<p style=\"margin-top:0.5rem;margin-bottom:0.5rem;font-family:Hind,sans-serif;font-size:15.2px;font-style:normal;font-weight:300;letter-spacing:normal;text-transform:none;text-align:left\">Aplicar durante la fase de floraci\u00f3n en una dosificaci\u00f3n de 2ml\/L<\/p>\n","protected":false},"excerpt":{"rendered":"<p style=\"margin-top:0.5rem;margin-bottom:0.5rem;font-family:Hind,sans-serif;font-size:15.2px;font-style:normal;font-weight:300;letter-spacing:normal;text-transform:none;text-align:left\">Sesizym permite una mayor descomposici\u00f3n de las ra\u00edces muertas, maximizando los rendimientos de tus cultivos. Las enzimas activas son capaces de descomponer de forma m\u00e1s r\u00e1pidas los restos de ra\u00edces muertes, promoviendo una mayor absorci\u00f3n de nutrientes.<\/p>\n","protected":false},"featured_media":653,"comment_status":"open","ping_status":"closed","template":"","meta":{"om_disable_all_campaigns":false,"_monsterinsights_skip_tracking":false,"_monsterinsights_sitenote_active":false,"_monsterinsights_sitenote_note":"","_monsterinsights_sitenote_category":0},"product_cat":[383,315],"product_tag":[362,363,309,320],"class_list":{"0":"post-638","1":"product","2":"type-product","3":"status-publish","4":"has-post-thumbnail","6":"product_cat-advanced-nutrients","7":"product_cat-fertilizantes","8":"product_tag-advanced-nutrients","9":"product_tag-fertilizantes","10":"product_tag-ofertasdeoro","11":"product_tag-oro","13":"first","14":"instock","15":"shipping-taxable","16":"purchasable","17":"product-type-variable"},"aioseo_notices":[],"jetpack_sharing_enabled":true,"_links":{"self":[{"href":"https:\/\/ofertasdeoro.com\/index.php\/wp-json\/wp\/v2\/product\/638","targetHints":{"allow":["GET"]}}],"collection":[{"href":"https:\/\/ofertasdeoro.com\/index.php\/wp-json\/wp\/v2\/product"}],"about":[{"href":"https:\/\/ofertasdeoro.com\/index.php\/wp-json\/wp\/v2\/types\/product"}],"replies":[{"embeddable":true,"href":"https:\/\/ofertasdeoro.com\/index.php\/wp-json\/wp\/v2\/comments?post=638"}],"wp:featuredmedia":[{"embeddable":true,"href":"https:\/\/ofertasdeoro.com\/index.php\/wp-json\/wp\/v2\/media\/653"}],"wp:attachment":[{"href":"https:\/\/ofertasdeoro.com\/index.php\/wp-json\/wp\/v2\/media?parent=638"}],"wp:term":[{"taxonomy":"product_cat","embeddable":true,"href":"https:\/\/ofertasdeoro.com\/index.php\/wp-json\/wp\/v2\/product_cat?post=638"},{"taxonomy":"product_tag","embeddable":true,"href":"https:\/\/ofertasdeoro.com\/index.php\/wp-json\/wp\/v2\/product_tag?post=638"}],"curies":[{"name":"wp","href":"https:\/\/api.w.org\/{rel}","templated":true}]}}