{"id":583,"date":"2022-12-14T18:55:08","date_gmt":"2022-12-14T17:55:08","guid":{"rendered":"https:\/\/ofertasdeoro.com\/?post_type=product&#038;p=583"},"modified":"2023-06-02T15:22:39","modified_gmt":"2023-06-02T14:22:39","slug":"bestuial-bud","status":"publish","type":"product","link":"https:\/\/ofertasdeoro.com\/index.php\/producto\/bestuial-bud\/","title":{"rendered":"BESTUIAL BUD"},"content":{"rendered":"<div class=\"elementor-element elementor-element-83d3f98 elementor-widget elementor-widget-text-editor\" data-id=\"83d3f98\" data-element_type=\"widget\" data-widget_type=\"text-editor.default\">\n<div class=\"elementor-widget-container\">\n<div class=\"elementor-text-editor elementor-clearfix\">\n<div class=\"elementor-element elementor-element-de10320 elementor-widget elementor-widget-heading\" data-id=\"de10320\" data-element_type=\"widget\" data-widget_type=\"heading.default\">\n<div class=\"elementor-widget-container\">\n<h2 class=\"elementor-heading-title elementor-size-default\">Aumento bestial del tama\u00f1o y el peso de las flores<\/h2>\n<\/div>\n<\/div>\n<div class=\"elementor-element elementor-element-3755868 elementor-widget elementor-widget-text-editor\" data-id=\"3755868\" data-element_type=\"widget\" data-widget_type=\"text-editor.default\">\n<div class=\"elementor-widget-container\">\n<div class=\"elementor-text-editor elementor-clearfix\">\n<p>Usando una peque\u00f1a cantidad conseguir\u00e1s un aumento del tama\u00f1o<br \/>\ny peso de las flores, consiguiendo una cosecha m\u00e1s productiva y de<br \/>\nalta calidad.<\/p>\n<\/div>\n<\/div>\n<\/div>\n<div class=\"elementor-element elementor-element-a6d61f9 elementor-widget elementor-widget-heading\" data-id=\"a6d61f9\" data-element_type=\"widget\" data-widget_type=\"heading.default\">\n<div class=\"elementor-widget-container\">\n<h2 class=\"elementor-heading-title elementor-size-default\">Saca el m\u00e1ximo rendimiento a tu cosecha<\/h2>\n<\/div>\n<\/div>\n<div class=\"elementor-element elementor-element-dc8c7e1 elementor-widget elementor-widget-text-editor\" data-id=\"dc8c7e1\" data-element_type=\"widget\" data-widget_type=\"text-editor.default\">\n<div class=\"elementor-widget-container\">\n<div class=\"elementor-text-editor elementor-clearfix\">\n<p>A diferencia de otros fertilizantes en el mercado, Bestial bud se<br \/>\nusa en peque\u00f1as catidades gracias a su formula ultra concentrada<br \/>\nde P-54 K-34. Tu bolsillo lo agradecer\u00e1.<\/p>\n<\/div>\n<\/div>\n<\/div>\n<div class=\"elementor-element elementor-element-31bb81d elementor-widget elementor-widget-heading\" data-id=\"31bb81d\" data-element_type=\"widget\" data-widget_type=\"heading.default\">\n<div class=\"elementor-widget-container\">\n<h2 class=\"elementor-heading-title elementor-size-default\">Modo de empleo simple y r\u00e1pido<\/h2>\n<\/div>\n<\/div>\n<div class=\"elementor-element elementor-element-140dacb elementor-widget elementor-widget-text-editor\" data-id=\"140dacb\" data-element_type=\"widget\" data-widget_type=\"text-editor.default\">\n<div class=\"elementor-widget-container\">\n<div class=\"elementor-text-editor elementor-clearfix\">\n<p>Se aplica via riego durante la segunda fase de floraci\u00f3n (4\u00aa<br \/>\nsemana de floraci\u00f3n). Diluir entre 0,5g a 1,5g de Bestial Bud<br \/>\npor cada 10 litros de agua. \u00a1Incre\u00edble lo que dura!<\/p>\n<\/div>\n<\/div>\n<\/div>\n<\/div>\n<\/div>\n<\/div>\n","protected":false},"excerpt":{"rendered":"<p>Aumento bestial del tama\u00f1o y el peso de las flores Usando una peque\u00f1a cantidad conseguir\u00e1s un aumento del tama\u00f1o y&hellip;<\/p>\n","protected":false},"featured_media":584,"comment_status":"open","ping_status":"closed","template":"","meta":{"om_disable_all_campaigns":false,"_monsterinsights_skip_tracking":false,"_monsterinsights_sitenote_active":false,"_monsterinsights_sitenote_note":"","_monsterinsights_sitenote_category":0},"product_cat":[385,315],"product_tag":[360,316,319,310,361,359],"class_list":{"0":"post-583","1":"product","2":"type-product","3":"status-publish","4":"has-post-thumbnail","6":"product_cat-bestial","7":"product_cat-fertilizantes","8":"product_tag-bestial-bud","9":"product_tag-estimulador-de-crecimiento","10":"product_tag-fertilizante","11":"product_tag-growshop","12":"product_tag-pk","13":"product_tag-revientacogollos","15":"first","16":"instock","17":"sale","18":"featured","19":"shipping-taxable","20":"purchasable","21":"product-type-simple"},"aioseo_notices":[],"jetpack_sharing_enabled":true,"_links":{"self":[{"href":"https:\/\/ofertasdeoro.com\/index.php\/wp-json\/wp\/v2\/product\/583","targetHints":{"allow":["GET"]}}],"collection":[{"href":"https:\/\/ofertasdeoro.com\/index.php\/wp-json\/wp\/v2\/product"}],"about":[{"href":"https:\/\/ofertasdeoro.com\/index.php\/wp-json\/wp\/v2\/types\/product"}],"replies":[{"embeddable":true,"href":"https:\/\/ofertasdeoro.com\/index.php\/wp-json\/wp\/v2\/comments?post=583"}],"wp:featuredmedia":[{"embeddable":true,"href":"https:\/\/ofertasdeoro.com\/index.php\/wp-json\/wp\/v2\/media\/584"}],"wp:attachment":[{"href":"https:\/\/ofertasdeoro.com\/index.php\/wp-json\/wp\/v2\/media?parent=583"}],"wp:term":[{"taxonomy":"product_cat","embeddable":true,"href":"https:\/\/ofertasdeoro.com\/index.php\/wp-json\/wp\/v2\/product_cat?post=583"},{"taxonomy":"product_tag","embeddable":true,"href":"https:\/\/ofertasdeoro.com\/index.php\/wp-json\/wp\/v2\/product_tag?post=583"}],"curies":[{"name":"wp","href":"https:\/\/api.w.org\/{rel}","templated":true}]}}