{"id":572,"date":"2022-12-14T17:51:29","date_gmt":"2022-12-14T16:51:29","guid":{"rendered":"https:\/\/ofertasdeoro.com\/?post_type=product&#038;p=572"},"modified":"2024-02-07T01:54:36","modified_gmt":"2024-02-07T00:54:36","slug":"spruzit-concentrado","status":"publish","type":"product","link":"https:\/\/ofertasdeoro.com\/index.php\/producto\/spruzit-concentrado\/","title":{"rendered":"SPRUZIT CONCENTRADO"},"content":{"rendered":"<p>Compuesto a base de piretrina natural y aceite de colza que potencia la acci\u00f3n de la piretrina adem\u00e1s de actuar por asfixia. La composici\u00f3n de este elemento controla los diferentes estadios de vida de los insectos: Huevos, larvas e insectos adultos.<\/p>\n<p>Cabe destacar que es inocuo para las abejas, sin efectos fitot\u00f3xicos y con un plazo de seguridad reducido.<\/p>\n<p>Disponible en dos formatos, el RTU (Ready to use) que se presenta listo para usar en botella pulverizadora y el formato concentrado que debe diluirse en agua.<\/p>\n<p>Efectivo contra: pulgones, mosca blanca, cicad\u00e9lidos, orugas y ara\u00f1a roja.<\/p>\n","protected":false},"excerpt":{"rendered":"<p><strong>Spruzit concentrado<\/strong>\u00a0es un producto de origen biol\u00f3gico de amplio espectro. Act\u00faa contra aquellos insectos chupadores que se alimentan de las hojas y ramas de las plantas.<\/p>\n","protected":false},"featured_media":576,"comment_status":"open","ping_status":"closed","template":"","meta":{"om_disable_all_campaigns":false,"_monsterinsights_skip_tracking":false,"_monsterinsights_sitenote_active":false,"_monsterinsights_sitenote_note":"","_monsterinsights_sitenote_category":0},"product_cat":[345],"product_tag":[351,350,348,314,347,310,346,309,320,349],"class_list":{"0":"post-572","1":"product","2":"type-product","3":"status-publish","4":"has-post-thumbnail","6":"product_cat-insecticidas","7":"product_tag-acaros","8":"product_tag-aranas","9":"product_tag-concentrado","10":"product_tag-cultivo","11":"product_tag-espana","12":"product_tag-growshop","13":"product_tag-insecticidas","14":"product_tag-ofertasdeoro","15":"product_tag-oro","16":"product_tag-pulgones","18":"first","19":"instock","20":"sale","21":"featured","22":"shipping-taxable","23":"purchasable","24":"product-type-variable"},"aioseo_notices":[],"jetpack_sharing_enabled":true,"_links":{"self":[{"href":"https:\/\/ofertasdeoro.com\/index.php\/wp-json\/wp\/v2\/product\/572","targetHints":{"allow":["GET"]}}],"collection":[{"href":"https:\/\/ofertasdeoro.com\/index.php\/wp-json\/wp\/v2\/product"}],"about":[{"href":"https:\/\/ofertasdeoro.com\/index.php\/wp-json\/wp\/v2\/types\/product"}],"replies":[{"embeddable":true,"href":"https:\/\/ofertasdeoro.com\/index.php\/wp-json\/wp\/v2\/comments?post=572"}],"wp:featuredmedia":[{"embeddable":true,"href":"https:\/\/ofertasdeoro.com\/index.php\/wp-json\/wp\/v2\/media\/576"}],"wp:attachment":[{"href":"https:\/\/ofertasdeoro.com\/index.php\/wp-json\/wp\/v2\/media?parent=572"}],"wp:term":[{"taxonomy":"product_cat","embeddable":true,"href":"https:\/\/ofertasdeoro.com\/index.php\/wp-json\/wp\/v2\/product_cat?post=572"},{"taxonomy":"product_tag","embeddable":true,"href":"https:\/\/ofertasdeoro.com\/index.php\/wp-json\/wp\/v2\/product_tag?post=572"}],"curies":[{"name":"wp","href":"https:\/\/api.w.org\/{rel}","templated":true}]}}